e remainder when 206917994 is divided by 21?
17
What is the remainder when 1151721624 is divided by 15?
9
Calculate the remainder when 4164973 is divided by 722.
477
What is the remainder when 1158928 is divided by 59?
50
What is the remainder when 29481 is divided by 2411?
549
What is the remainder when 48305 is divided by 2320?
1905
Calculate the remainder when 9476126 is divided by 2716.
2
Calculate the remainder when 943959 is divided by 74.
15
What is the remainder when 168421 is divided by 58?
47
What is the remainder when 43840 is divided by 87?
79
What is the remainder when 73454 is divided by 8?
6
Calculate the remainder when 667689 is divided by 333822.
45
What is the remainder when 7777799 is divided by 3839?
3824
Calculate the remainder when 35132 is divided by 680.
452
What is the remainder when 4232475 is divided by 1410813?
36
What is the remainder when 34687875 is divided by 30111?
3
Calculate the remainder when 17421127 is divided by 12624.
7
Calculate the remainder when 6789895 is divided by 3106.
179
Calculate the remainder when 140787 is divided by 68705.
3377
What is the remainder when 40955 is divided by 3297?
1391
What is the remainder when 25125960 is divided by 6281487?
12
Calculate the remainder when 2170289 is divided by 84.
65
Calculate the remainder when 2852083 is divided by 407439.
10
Calculate the remainder when 1060334 is divided by 13594.
2
What is the remainder when 48751967 is divided by 13004?
12975
Calculate the remainder when 63470 is divided by 1316.
302
Calculate the remainder when 184295 is divided by 5118.
47
Calculate the remainder when 194221 is divided by 38842.
11
Calculate the remainder when 2173459 is divided by 218.
217
Calculate the remainder when 141760 is divided by 7057.
620
Calculate the remainder when 57587472 is divided by 25.
22
Calculate the remainder when 8934327 is divided by 2.
1
Calculate the remainder when 7121 is divided by 115.
106
What is the remainder when 15821 is divided by 839?
719
Calculate the remainder when 541354 is divided by 77292.
310
What is the remainder when 365063 is divided by 2917?
438
Calculate the remainder when 36459488 is divided by 159.
152
What is the remainder when 421963745 is divided by 174?
173
Calculate the remainder when 1094532 is divided by 43781.
7
What is the remainder when 114789957 is divided by 4491?
4488
What is the remainder when 291130422 is divided by 62?
60
Calculate the remainder when 11562185 is divided by 1530.
1505
Calculate the remainder when 2030773 is divided by 22.
19
Calculate the remainder when 21868078 is divided by 7289352.
22
What is the remainder when 65124 is divided by 3114?
2844
What is the remainder when 213864420 is divided by 6535?
10
What is the remainder when 865368 is divided by 216333?
36
Calculate the remainder when 1134720 is divided by 378213.
81
Calculate the remainder when 1168679 is divided by 5361.
5342
What is the remainder when 914839 is divided by 13654?
21
What is the remainder when 1466516 is divided by 33?
29
Calculate the remainder when 34702155 is divided by 131.
124
What is the remainder when 8243292 is divided by 1312?
1308
What is the remainder when 8952763 is divided by 5024?
5019
Calculate the remainder when 412156 is divided by 30.
16
What is the remainder when 4296311 is divided by 1497?
1418
What is the remainder when 54674 is divided by 4110?
1244
Calculate the remainder when 387070557 is divided by 3890.
3887
Calculate the remainder when 2450117 is divided by 437.
295
Calculate the remainder when 354441 is divided by 336.
297
What is the remainder when 6538549 is divided by 729?
148
Calculate the remainder when 136673 is divided by 959.
495
What is the remainder when 40536049 is divided by 282?
241
What is the remainder when 8498937 is divided by 45?
12
Calculate the remainder when 139937 is divided by 2936.
1945
Calculate the remainder when 3089 is divided by 1436.
217
What is the remainder when 1216537 is divided by 405509?
10
What is the remainder when 1367126 is divided by 85441?
70
What is the remainder when 30359 is divided by 176?
87
What is the remainder when 617071 is divided by 65?
26
Calculate the remainder when 99549058 is divided by 1860.
1858
What is the remainder when 66633 is divided by 2569?
2408
Calculate the remainder when 184941 is divided by 2585.
1406
What is the remainder when 650410 is divided by 72260?
70
Calculate the remainder when 189194 is divided by 215.
209
Calculate the remainder when 41683012 is divided by 913.
910
What is the remainder when 474096 is divided by 473?
150
What is the remainder when 55647368 is divided by 132?
128
What is the remainder when 120171 is divided by 120148?
23
What is the remainder when 788326 is divided by 131365?
136
Calculate the remainder when 7337 is divided by 2404.
125
Calculate the remainder when 146770 is divided by 69.
7
Calculate the remainder when 1131110 is divided by 21.
8
What is the remainder when 262394254 is divided by 161?
157
Calculate the remainder when 25033 is divided by 1657.
178
Calculate the remainder when 6889750 is divided by 229.
56
Calculate the remainder when 15468 is divided by 1014.
258
What is the remainder when 4878989 is divided by 813164?
5
Calculate the remainder when 55356322 is divided by 4175.
4172
Calculate the remainder when 58786 is divided by 5260.
926
What is the remainder when 8179 is divided by 2029?
63
What is the remainder when 3957697 is divided by 1290?
1267
Calculate the remainder when 549414 is divided by 54898.
434
What is the remainder when 611246706 is divided by 27?
24
Calculate the remainder when 8187872 is divided by 2046724.
976
Calculate the remainder when 4276 is divided by 3866.
410
Calculate the remainder when 13722 is divided by 146.
144
What is the remainder when 8383472 is divided by 679?
538
What is the remainder when 3460044 is divided by 494267?
175
What is the remainder when 817272 is divided by 407909?
1454
Calculate the remainder when 17520 is divided by 9282.
8238
What is the remainder when 21040623 is divided by 7013540?
3
What is the remainder when 5665 is divided by 5156?
509
Calculate the remainder when 110680 is divided by 36833.
181
What is the remainder when 1352985414 is divided by 3527?
3525
What is the remainder when 540125 is divided by 181?
21
What is the remainder when 31173783 is divided by 133?
46
Calculate the remainder when 15623774 is divided by 5564.
62
What is the remainder when 1198296 is divided by 13?
8
What is the remainder when 87755917 is divided by 4083?
4081
What is the remainder when 914732 is divided by 304847?
191
What is the remainder when 1485751 is divided by 332?
51
Calculate the remainder when 304420 is divided by 4832.
4
Calculate the remainder when 7415039 is divided by 56.
23
What is the remainder when 3301 is divided by 26?
25
Calculate the remainder when 1083622 is divided by 135.
112
What is the remainder when 14785 is divided by 1132?
69
What is the remainder when 717468 is divided by 235?
13
Calculate the remainder when 594074 is divided by 197522.
1508
What is the remainder when 95878850 is divided by 4538?
4524
What is the remainder when 526233 is divided by 36791?
11159
What is the remainder when 256111 is divided by 21337?
67
What is the remainder when 480924627 is divided by 1146?
1143
Calculate the remainder when 15352 is divided by 219.
22
Calculate the remainder when 36116970 is divided by 196.
50
Calculate the remainder when 349345 is divided by 21708.
2017
What is the remainder when 957175 is divided by 6?
1
Calculate the remainder when 263400 is divided by 2438.
96
Calculate the remainder when 421679 is divided by 233.
182
What is the remainder when 54957558 is divided by 91?
19
What is the remainder when 154897 is divided by 790?
57
What is the remainder when 535259 is divided by 18?
11
Calculate the remainder when 2815608 is divided by 1102.
1100
What is the remainder when 762455 is divided by 6407?
22
Calculate the remainder when 2271190 is divided by 3804.
202
What is the remainder when 45048 is divided by 40998?
4050
Calculate the remainder when 119582 is divided by 119533.
49
What is the remainder when 1213328 is divided by 170?
38
What is the remainder when 3461424 is divided by 12?
0
Calcul